atest common factor of 22885 and 6792865.
995
Calculate the highest common divisor of 1075 and 1664315.
215
What is the greatest common factor of 33261846 and 848?
106
Calculate the greatest common divisor of 51562 and 48517.
203
What is the highest common factor of 75120 and 423120?
240
What is the greatest common divisor of 586848859 and 1429?
1429
What is the greatest common factor of 13116688 and 1729?
247
Calculate the greatest common divisor of 79050 and 2678350.
850
Calculate the greatest common factor of 483474 and 6156.
114
Calculate the greatest common divisor of 14526 and 461826.
18
What is the highest common divisor of 229512 and 21222?
786
Calculate the greatest common divisor of 1083325 and 229500.
425
Calculate the highest common divisor of 1802397195 and 45.
45
Calculate the greatest common factor of 12192 and 129696.
96
Calculate the greatest common factor of 1775246641 and 179.
179
Calculate the greatest common divisor of 162400 and 178350.
1450
Calculate the highest common divisor of 1382081 and 2047.
89
What is the highest common divisor of 5360 and 123164?
4
What is the greatest common factor of 1002 and 215658?
6
What is the highest common divisor of 44627105 and 285?
95
What is the highest common divisor of 26867 and 23651?
67
What is the highest common factor of 2801314 and 139582?
1382
What is the greatest common factor of 4817001 and 1834?
917
Calculate the highest common divisor of 2616 and 24568164.
1308
What is the highest common factor of 2617 and 13618?
1
Calculate the highest common divisor of 5801300 and 4.
4
Calculate the highest common divisor of 1586 and 32717594.
1586
What is the highest common factor of 5302 and 70747237?
2651
What is the greatest common divisor of 1562 and 1627472?
22
Calculate the greatest common factor of 90 and 23377730.
10
What is the greatest common divisor of 21689305 and 3410?
1705
What is the greatest common divisor of 21837 and 235613951?
7279
What is the highest common divisor of 2842 and 213121?
29
Calculate the greatest common factor of 507102 and 145842.
1338
What is the greatest common divisor of 16 and 8719857?
1
What is the highest common factor of 1764 and 4702383?
441
Calculate the greatest common divisor of 39740385 and 516.
129
What is the greatest common factor of 225028 and 5212406?
1114
What is the highest common divisor of 47 and 177228211?
47
What is the highest common divisor of 1744016 and 53616?
16
Calculate the greatest common divisor of 2196061 and 5551.
427
What is the greatest common divisor of 88 and 6410041?
11
What is the highest common factor of 129696 and 2443?
7
What is the highest common factor of 46 and 600714?
46
Calculate the greatest common divisor of 3954948 and 8568.
204
Calculate the greatest common factor of 142633713 and 1182.
591
Calculate the greatest common divisor of 11465 and 226436043.
2293
Calculate the greatest common factor of 284 and 12033796.
4
What is the highest common divisor of 26096422 and 47762?
3674
What is the greatest common divisor of 15780520 and 1680?
280
What is the greatest common divisor of 10600 and 1780?
20
What is the greatest common factor of 2789722 and 1312?
82
Calculate the highest common factor of 48972 and 335591124.
6996
What is the greatest common factor of 396 and 21790296?
396
Calculate the greatest common divisor of 1016977 and 4.
1
Calculate the highest common divisor of 1575760 and 95.
5
What is the highest common factor of 45928 and 17792?
8
Calculate the highest common factor of 61624050 and 1200.
150
What is the greatest common divisor of 71942 and 4612?
2
Calculate the highest common divisor of 401679 and 863649.
783
Calculate the highest common factor of 4818030 and 60.
30
What is the greatest common divisor of 5372 and 675292?
316
What is the greatest common factor of 11011111 and 1121?
59
Calculate the highest common factor of 53660 and 1475130.
10
What is the greatest common divisor of 8251328 and 207016?
1832
What is the greatest common factor of 98210849 and 209?
11
What is the greatest common divisor of 1569 and 609174?
3
What is the greatest common factor of 778910 and 17460?
970
Calculate the greatest common divisor of 3692 and 73918.
26
Calculate the greatest common factor of 27234 and 2168129.
1513
Calculate the greatest common divisor of 21047806 and 57523.
1403
Calculate the greatest common factor of 98821320 and 1560.
1560
What is the greatest common factor of 47747104 and 256?
32
Calculate the greatest common divisor of 55987903 and 15033.
5011
What is the greatest common factor of 425962866 and 818?
818
What is the highest common factor of 759296 and 1856?
64
What is the greatest common factor of 80 and 4393450?
10
What is the greatest common divisor of 50236 and 90744?
76
Calculate the highest common divisor of 281402 and 990.
22
Calculate the highest common divisor of 436 and 1021439.
109
Calculate the greatest common divisor of 1810 and 14393482.
362
What is the highest common factor of 21894444 and 10062?
234
Calculate the greatest common divisor of 3335390 and 65.
5
What is the highest common divisor of 27772742 and 106?
106
Calculate the highest common divisor of 6232 and 3349208.
328
What is the highest common divisor of 13236009 and 32691?
1923
What is the greatest common factor of 7800 and 1443975?
975
What is the highest common divisor of 29853 and 1507716?
279
What is the highest common divisor of 39445 and 334880?
805
Calculate the highest common factor of 70817712 and 432.
48
What is the greatest common factor of 125543600 and 325?
325
What is the highest common divisor of 6750416 and 580368?
1712
Calculate the highest common factor of 25986 and 483936.
426
What is the highest common factor of 119408639 and 10265?
2053
Calculate the greatest common factor of 51 and 173479611.
51
Calculate the greatest common divisor of 1523907 and 756.
189
Calculate the highest common factor of 1640 and 419882968.
328
Calculate the greatest common divisor of 44175 and 583005.
15
Calculate the highest common divisor of 4147452 and 1656.
828
Calculate the highest common divisor of 12188 and 11528.
44
Calculate the greatest common factor of 182 and 4962178.
26
What is the greatest common factor of 378 and 23825718?
378
What is the greatest common factor of 31768166 and 116?
58
What is the greatest common factor of 437 and 52497247?
437
Calculate the highest common divisor of 495061 and 458443.
359
Calculate the greatest common divisor of 1049818 and 183722.
154
What is the greatest common divisor of 1062 and 3893982?
6
Calculate the highest common factor of 12334370 and 70.
10
What is the highest common factor of 19 and 48332371?
19
What is the highest common divisor of 3642 and 49638?
6
Calculate the greatest common factor of 4320 and 244960.
160
What is the greatest common divisor of 2 and 1221863?
1
Calculate the greatest common divisor of 1455980 and 73745.
215
Calculate the highest common factor of 16 and 7651192.
8
What is the highest common divisor of 190394984 and 40?
8
What is the highest common factor of 32786 and 7564351?
97
What is the greatest common divisor of 2180882 and 660?
22
What is the greatest common divisor of 217531418 and 2223?
247
Calculate the greatest common divisor of 32364 and 1006384.
124
What is the greatest common divisor of 5051036 and 3031270?
3242
What is the greatest common divisor of 901 and 113941361?
901
Calculate the highest common factor of 3472 and 5216624.
112
Calculate the highest common divisor of 222944 and 64.
32
What is the highest common factor of 1521 and 39352833?
1521
Calculate the highest common divisor of 4086 and 45892590.
1362
Calculate the greatest common divisor of 11287173 and 2454.
1227
Calculate the greatest common factor of 38373564 and 12.
12
What is the highest common factor of 741 and 1147011?
57
What is the greatest common factor of 765 and 21795?
15
What is the highest common divisor of 6265 and 52991160?
895
What is the highest common divisor of 29521486 and 34?
34
What is the greatest common factor of 36630 and 5213115?
1665
What is the highest common divisor of 1833524 and 99?
11
Calculate the highest common divisor of 187 and 199674248.
17
What is the highest common divisor of 50778 and 757614?
78
Calculate the h